 be 1/(-2) + (-10)/(-4). What is the tens digit of r(g)?
1
Let d(b) = 6*b**2 + 6*b + 3. What is the tens digit of d(-2)?
1
Suppose -5*m - 8*v = -6*v - 482, 0 = -2*m + 4*v + 188. What is the units digit of m?
6
Let q be 0/(-3)*(0 - 1). Suppose m - 63 = -5*f - 2*m, q = -2*f + 4*m + 46. What is the tens digit of f?
1
Let h be 2*(4/1)/(-2). Let z be (0 + 0)/(h/2). What is the units digit of (0 + 7 + z)/1?
7
Let h(t) = -t**3 + 5*t**2 + 4*t + 6. Let b be h(6). Let x be (-15)/2*b/9. Suppose -x*z + 20 = p, -z - 44 = -4*p - 3*z. What is the units digit of p?
0
Suppose 9*v - 2*v - 483 = 0. What is the tens digit of v?
6
Let u(i) = 8*i**3 - 2*i**2 - i + 1. What is the tens digit of u(2)?
5
Let j = -23 - -38. Suppose 3*u - 2*q - 16 = 0, -u = -5*q - j + 1. What is the units digit of u?
4
Let l(u) = -9*u - 9. What is the units digit of l(-8)?
3
Let k = -2 - -3. What is the units digit of k?
1
Let n(p) = 10*p + 3. What is the tens digit of n(6)?
6
Let c = -17 - 35. Let l = -25 - c. What is the units digit of l?
7
Suppose -136 = 3*o + o. Let r = 48 + o. What is the units digit of r?
4
Suppose -6*g + 5*g = -6. Let t be (1 - 2)*(1 - g). Suppose -t*q = -0*q - 85. What is the units digit of q?
7
Suppose -5*q - 3*r + 117 = -2*r, 3*r + 33 = q. What is the units digit of -2 - (3 + q)/(-3)?
7
Suppose 12 = 3*n, 2*z + 0*n - 84 = -5*n. What is the tens digit of z?
3
Suppose 3*y - 61 = y + 5*k, 160 = 5*y - 5*k. What is the tens digit of y?
3
What is the tens digit of 1*15 + 1 - (-2)/1?
1
Suppose -l + 0*l - 4*q + 125 = 0, 3*q = -4*l + 500. What is the units digit of l?
5
Suppose -3*t + 8 = j, -2*j + t = -5*j + 8. What is the units digit of j?
2
Let n(f) = f - 4. Let b be n(7). Suppose 0*o - o - 2 = 0, -b*l + 4*o + 8 = 0. Suppose -4*z = 6*i - i + 1, l = 4*z - i - 29. What is the units digit of z?
6
Suppose 3*g = -3*x + 7 - 1, -2*x + 3*g = 6. Suppose -2*c + x = -12. What is the units digit of c?
6
Let i(j) = j + 1. Let r = -3 + 5. Let c be i(r). What is the units digit of (c/4)/(2/24)?
9
Let h(f) = f - 1. Let b be h(-5). Let t(y) = y + 7. Let q be t(b). Suppose 0*z - z = -q. What is the units digit of z?
1
Let y(t) = -2*t - 1. Suppose -3 = -2*r - r - 3*a, -2*a = -2*r - 14. Let x be y(r). Suppose x*g - 76 + 1 = 0. What is the units digit of g?
5
Let q be 222/(-9)*3/(-2). Suppose 0 = -5*z - 4*b + 30 + 153, z - q = -b. What is the tens digit of z?
3
Suppose -2*b = -x + 3*x - 228, -x - 5*b + 134 = 0. What is the tens digit of x?
0
Suppose 0 = 9*k - k - 48. What is the units digit of k?
6
Suppose 17 = 3*z + 2, 4*j + 4*z = 40. What is the units digit of j?
5
Let h = 55 + -29. What is the tens digit of h?
2
Let i(q) = -q**3 + q**2 + q. Let x(s) = -3*s**3 - 6. Let j(o) = -4*i(o) + x(o). Let u be j(5). Let m = u + 2. What is the units digit of m?
1
What is the units digit of (3 + (-58)/8)*-4?
7
Suppose 4*i + 3*d = 22, -2*i + 5*d + 24 = -0*i. Let n(g) = g**3 - 8*g**2 + 9*g - 6. What is the units digit of n(i)?
8
Let k = -5 - -27. What is the units digit of k?
2
Let o be 3 - (0 + (-1 - 2)). Suppose -13 + o = -f. What is the units digit of f?
7
Let x = 232 - 111. What is the hundreds digit of x?
1
What is the units digit of (8/(-2))/(3/(-18))?
4
Let q = 49 + -30. Suppose -x + q = -3. Let t = x - 8. What is the units digit of t?
4
Suppose 3*s - 78 = -0*s. Suppose 4*h - 2*h = 10, -p + s = 3*h. What is the units digit of p?
1
Let c be (1 + 0)*(6 + -8). What is the tens digit of (1/c)/(5/(-180))?
1
Suppose -248 = -4*v + 5*n, n - 149 = -4*v + 99. What is the tens digit of v?
6
Suppose 6*g - 5*g - 48 = 0. What is the units digit of g?
8
Suppose k - 9 - 5 = 5*i, -4*i = -5*k + 112. What is the tens digit of k?
2
Let i be 4/6*9/2. What is the units digit of i - (4 + 9/(-3))?
2
Let q(w) = -w**3 - 3*w**2 - 2*w + 3. Let p be q(-3). Let h(c) = p - 9 - 5*c. What is the units digit of h(-2)?
0
Let y(b) = -b**3 + 2*b**2 + b. Let g be y(-1). Suppose -2*o + g*r + 4 = 6*r, 5*o = 3*r + 75. What is the tens digit of o?
1
Suppose -3*f = w - 1, 5*f = -w + f. What is the units digit of w?
4
Let u(h) = h**2 - 34*h + 31. What is the hundreds digit of u(-9)?
4
Let v be 8/3 - (-4)/12. Suppose 0*y + 9 = -v*y. What is the units digit of (y/(-2))/((-3)/(-6))?
3
Let s(i) = -42*i + 7. What is the hundreds digit of s(-3)?
1
Suppose -x + 3*c = -14, -6*x = -3*x + c - 22. Suppose -4*j + 72 = x. What is the tens digit of j?
1
Let j(k) = 7 - 2*k**3 + k**2 - 3*k**3 + k + 4*k**3. Suppose 4*n - 9*n = 0. What is the units digit of j(n)?
7
Let i be (1/5)/((-4)/(-20)). What is the tens digit of i/3*(38 - -1)?
1
Suppose 2*a + 0*a + 690 = 4*m, 165 = m + a. What is the hundreds digit of m?
1
What is the units digit of (0 + 1)*(11 + 8)?
9
Let x(m) = -m. Let z be x(-4). Suppose -2*j = -j + 8. What is the tens digit of (-82)/j - 1/z?
1
Let a(w) = w**2 - 11*w - 29. What is the tens digit of a(-6)?
7
Let n = -9 + 9. Suppose -3*v + n*v + 63 = 0. What is the units digit of v?
1
Suppose 3*j - x + 11 = 5*j, -3*j - 4*x = -29. Suppose -4*f = -j*a - 175, 0 = 3*f + 4*a - 2*a - 110. What is the tens digit of f?
4
Let z(x) = x**3 + 13*x**2 - 14*x + 18. What is the tens digit of z(-14)?
1
Suppose h = -1 + 5. Suppose h*t - 88 = 128. What is the tens digit of t?
5
Let n(a) = -a**3 + 12*a**2 - 16*a - 1. What is the tens digit of n(5)?
9
Let h(u) be the first derivative of -2*u**2 - 6*u - 6. What is the tens digit of h(-4)?
1
Let p = 131 - 16. What is the hundreds digit of p?
1
Let q be (-20)/(-6)*120/50. What is the units digit of ((-9)/(-4))/(3/q)?
6
Let x be ((-52)/8)/(3/(-6)). Suppose -2*o - 5 = -b + x, 2*o = -b - 2. What is the units digit of b?
8
Suppose 6*y = y + 55. What is the tens digit of y?
1
Let r be 2*1/4*-6. What is the tens digit of 2/r + 88/6?
1
Let q be 28/5 + 8/20. Suppose -110 = a - q*a. What is the tens digit of a?
2
Suppose -4*h + 130 = 2. What is the tens digit of h?
3
Let t = -4 + 9. Suppose 2*b = -4*k + 6*b - 4, 0 = t*k + 2*b - 2. Suppose k = 3*m - 20 + 2. What is the units digit of m?
6
Let x be (-1 + (-15)/12)*-20. Suppose 0 = 5*d + x - 15. What is the units digit of 26/10 - d/15?
3
Let l = 61 + 85. What is the tens digit of l?
4
Let r be (-861)/(-15) + (-6)/15. Suppose -o + 4*o = -r. Let u = 38 + o. What is the tens digit of u?
1
Let a(r) = r - 1. Let k(h) = 0*h + 0*h + 2*h. Let g be k(1). What is the units digit of a(g)?
1
Suppose 2*c = 3*p - 267, -18*p + 75 = -17*p + 4*c. What is the units digit of p?
7
Let f(t) = t**2 + 2*t + 1. Let x be f(-5). What is the tens digit of 16/6*180/x?
3
Suppose 63 = -2*t + 1. Let r = 48 + t. What is the units digit of r?
7
Let t(m) = -17*m - 2. What is the units digit of t(-3)?
9
Let d be 25/5*4/(-5). What is the units digit of (1/3)/(d/(-108))?
9
Let s(w) = -3*w + 6. Let r be s(-5). Let v = r - 11. What is the units digit of v?
0
Suppose -2*t - 5*b + 291 = 0, -3*t = -0*b - b - 479. What is the tens digit of t?
5
Let t be (1 + -1)*(3 - 2). Let v = 4 + t. What is the units digit of v?
4
What is the tens digit of 3/6*6*29?
8
Suppose 2*f = 4*a - 24, 0 = 5*a - a + 2*f - 24. Suppose 5*m + a*q - q + 40 = 0, -4 = 4*q. Let w = m + 14. What is the units digit of w?
7
Suppose -o = -2*l - 80, 3*o + 0*o - 239 = 5*l. What is the units digit of o?
8
Suppose 0 = -5*s, d - 6*s + s - 8 = 0. Suppose 76 - d = 4*w. What is the units digit of w?
7
Let d(w) be the second derivative of -w**5/20 - w**4/2 + w**3/3 + 4*w**2 - w. Let q be d(-6). Let p = 5 + q. What is the units digit of p?
1
Let o(w) = -26*w - 58. What is the units digit of o(-7)?
4
Let g = 3 - -348. What is the units digit of g?
1
Suppose -5*v - 5*c - 15 = 0, 0 = -v - 3*v + c + 13. Suppose v*f + 2 = 12. What is the units digit of f?
5
Let w(h) = h**3 + 11*h**2 + 11. Suppose j + 2*z + 7 + 0 = 0, 3*z - 28 = 2*j. What is the tens digit of w(j)?
1
Suppose -1 = -y + 15. Suppose -27 = -3*g + 4*u, 3*g - u - 2 = y. Suppose 0 = 3*o - g*o + 10. What is the units digit of o?
5
Let a(g) = -4*g + 19. What is the units digit of a(-14)?
5
Suppose 0 = 5*x + y - 3*y - 340, -3*y + 136 = 2*x. What is the units digit of (x/2)/(4/2)?
7
Let i be (-2)/(-8) + (-14)/(-8). Let g be 1 - i*(0 + 3). Let y(t) = t + 6. What is the units digit of y(g)?
1
Suppose -l - 2 = -5. Let g = l - 2. What is the units digit of (-1)/((-2)/16) - g?
7
Suppose y = -3*m + 16, -2*m = 5*y - 14 